2*w + 7. Let g(v) = 5*d(v) - 6*m(v). What is the remainder when g(-2) is divided by 5?
4
Let j be (0 - -3 - 2)/1. Let d = -1 + j. What is the remainder when 15 is divided by 1 + (1 - (-6 - d))?
7
Let i(b) = -b**2 + 6*b + 10. Let u(k) = 2*k**2 + 6*k + 2. Calculate the remainder when u(-4) is divided by i(7).
1
Let a = 8 - -5. Suppose 4*x - a = -3*b + 2*b, -3*x = -4*b - 5. Calculate the remainder when 5 is divided by x.
2
Let o = -96 - -142. Calculate the remainder when 183 is divided by o.
45
Let i be ((-6)/(-15))/((-1)/(-35)). Suppose 2*s + i = 4*s. Calculate the remainder when 13 is divided by s.
6
Let g(h) = -h**3 + 4*h**2 - h - 1. Calculate the remainder when 38 is divided by g(2).
3
Suppose -12 = -2*g + 70. Suppose 4*c = 23 + g. What is the remainder when c is divided by (0 + 3)*(3 + 0)?
7
Let w = -154 + 166. Calculate the remainder when 46 is divided by w.
10
Suppose -196 = -2*j + c - 41, 213 = 3*j + 5*c. What is the remainder when j is divided by 26?
24
Suppose 5*a - 23 - 22 = 0. Suppose s + 0 = a. Calculate the remainder when s is divided by 4.
1
Suppose -y - 32 = -4*t, 0 = y - 3*y + 8. What is the remainder when t is divided by 3?
0
Calculate the remainder when 10 is divided by (-4)/(-12)*21 + -1.
4
Let u be (8 - 4) + (-699)/(-3). Suppose p + 46 = g, 0*p = 5*g + 2*p - u. What is the remainder when g is divided by 25?
22
Let g(z) = 6*z. What is the remainder when g(4) is divided by 9?
6
Suppose 3*x - 8 = 4. What is the remainder when ((-20)/(-6))/(x/66) is divided by 19?
17
Suppose 2*r - 12 = 14. Let p(a) = a - 5. Let z be p(8). Suppose z*h - 4 = 5, c + 4*h - 36 = 0. Calculate the remainder when c is divided by r.
11
Let l = 13 - 7. Calculate the remainder when l is divided by 5.
1
Let n = 1 - 1. Suppose w - 2 = 0, -4*f + 5*w = -n + 10. Suppose -2*q + 3*q - 12 = j, -q - 3*j + 8 = f. Calculate the remainder when 20 is divided by q.
9
Let v be ((-15)/20)/((-2)/8). Suppose -v*i = s - 194, i - 5*s = 6*i - 320. What is the remainder when i is divided by 22?
21
Let j(b) be the second derivative of b**3/3 - 5*b**2/2 - 2*b. Calculate the remainder when 1*4*-2*-1 is divided by j(4).
2
Suppose o - 8 = -3*o. Suppose 4*t - z = -t + 329, -t - 5*z + 71 = 0. Suppose w - t = -o*w. What is the remainder when w is divided by 12?
10
Let o be (-182)/(-6) + 2/(-6). Suppose 4*r - 15 = -b + 1, -2*b = -8. Suppose 2*t - 4*a = 20, o = r*t + a + a. Calculate the remainder when 19 is divided by t.
9
Let s = -47 + 106. Let m = 205 + -190. Calculate the remainder when s is divided by m.
14
Let o(v) = v + 52. Let i be o(0). Let t = i + -29. Suppose 0 = p + 4, 3*p = 3*g - 4*g. Calculate the remainder when t is divided by g.
11
Let i(n) = 9*n**2 - 5*n + 5. Let g be i(4). Suppose -2*t - t = -g. What is the remainder when t is divided by 15?
13
Suppose 2*w + 22 = -5*v, -7*w - 3*v - 17 = -2*w. What is the remainder when (w/(-2))/((-1)/(-34)) is divided by 5?
2
Suppose -3*m - 289 = -l, -32 = m - 3*l + 67. Let s be 2/(-10) + m/(-30). Suppose 0 = s*d - 4*d + 17. Calculate the remainder when 50 is divided by d.
16
Let x = 28 + -19. What is the remainder when 33 is divided by x?
6
Let z be (-13)/5 + 8/(-20). Let h = z - 1. What is the remainder when 8 is divided by (1 - 3) + h + 9?
2
Suppose 0 = -g - 4*w + 16 + 5, 2*w - 7 = 3*g. Let f(i) = 8*i**2 + g + 17*i - 17*i. Calculate the remainder when f(-1) is divided by 5.
4
Suppose 16 = 3*v + v. Calculate the remainder when (-208)/20*(-10)/v is divided by 14.
12
Let n(l) be the first derivative of -l**3/3 - 2*l**2 - l + 1. Suppose 0 = 15*a - 3*a - 36. Calculate the remainder when a is divided by n(-2).
0
Let p be (-2)/(-4) - (-10)/4. Suppose 6*x - p*h = x, x + 3*h = 0. Suppose x = d - 2 - 24. What is the remainder when d is divided by 9?
8
Suppose 0*i - 3*i + 2*b = 2, 5*i + 5*b - 5 = 0. Suppose -w - 49 = -5*q + 9, i = 5*w - 10. Calculate the remainder when ((-48)/(-20) - 2)*55 is divided by q.
10
Suppose 110 = 5*i - 0*i. Let c be 10 + 3/(9/6). Suppose 3*l - c = 24. What is the remainder when i is divided by l?
10
Suppose -5*l + 3*l = -v - 405, -5*v = -5*l + 1015. Calculate the remainder when l is divided by 34.
32
Let d be (4 + -1)*660/18. Suppose 5*i + d = 10*i. What is the remainder when 42 is divided by i?
20
Let q = 4 - 1. Suppose 6 = -q*x, 3*t + 0 - 4 = -4*x. Calculate the remainder when 7 is divided by t.
3
Let d(b) = 4*b**2 + 5*b + 2. Let v = 11 + -11. Suppose 5*m = -v*m + 60. Calculate the remainder when d(-4) is divided by m.
10
Suppose 0 = 3*j + 5*w - 34, 3*j - 2*w - 1 = -2. Let d = 6 + 2. Suppose 3*o + 10 = d*o. Calculate the remainder when j is divided by o.
1
Let f(g) = g**3 - 8*g**2 - 6*g - 11. Let m be f(9). Suppose 59 = 4*j + 5*d, 2*d + m = 2*j - 0*d. What is the remainder when j is divided by 4?
3
Suppose v - 2*v = -8. Suppose -2*y + 3*y = -v. Let l(a) = -2*a - 10. What is the remainder when 16 is divided by l(y)?
4
Let t = 5 + -11. Let o be (-10)/3*9/t. Suppose 5*c - 4*c - 5*b - 29 = 0, o*c = 3*b + 101. What is the remainder when 36 is divided by c?
17
Suppose 5*z - 104 - 46 = 0. Let l(a) = -a**3 + 4*a**2 + a + 3. Let d be l(4). Let s = d + 9. Calculate the remainder when z is divided by s.
14
Suppose 0 = -q + 4*q - 12. Calculate the remainder when 34 is divided by (-2 + q/14)*-7.
10
Suppose 3*g + 4*v = 29, 0 = g + 3*g + 4*v - 32. Suppose -32 = -y + 3*m - 5, -g*m + 99 = 5*y. Calculate the remainder when 61 is divided by y.
19
Let h = 7 + -3. What is the remainder when 32 is divided by (0 - 2)/(h/(-22))?
10
Let o(d) = -d**3 + 3*d**2 + 4*d. Let r be o(4). Calculate the remainder when (r - 1)/(2/(-88)) is divided by 23.
21
Let q = -76 - -81. What is the remainder when 88 is divided by q?
3
Suppose z + 4 = 3*z. Let m = 11 - 8. What is the remainder when z is divided by (1 + -5)*m/(-12)?
0
Let j = 3 + -3. Suppose -2*h - 3*h - o + 43 = j, 0 = 5*h - 3*o - 31. What is the remainder when 1 + -1 + 22 + 0 is divided by h?
6
Let x be 31*-3 - (4 - 2). Let d = -65 - x. What is the remainder when d is divided by 16?
14
Let h be (0 - 2)*(-18)/(-12). What is the remainder when 37 is divided by 4/(h*6/(-45))?
7
Suppose 4*c + 116 = 4*a, -c + 101 = 4*a + 10. Calculate the remainder when 69 is divided by a.
21
Let j(z) = -4*z**2 + 4*z + 1. Let v(w) = 5*w**2 - 4*w - 2. Let t(q) = 6*j(q) + 5*v(q). Let o = -7 - 2. What is the remainder when t(o) is divided by 14?
13
Let w(v) = 2*v**2 - 4*v + 4. Let p be w(4). Calculate the remainder when 28 is divided by 3/(-1 - (-24)/p).
13
Let m = -39 + 61. Calculate the remainder when m is divided by 5.
2
Let f(s) = 3*s**2 + 2. Calculate the remainder when f(-2) is divided by 5.
4
Let w(h) = h**3 - 6*h**2 + 7*h - 4. Let c be w(5). What is the remainder when 23 is divided by (-3 - -27)*2/c?
7
Let w be 1211/49 - (-2)/7. Let r = w + -19. Calculate the remainder when 15 is divided by r.
3
Suppose 4*h = -2*n + 72, 3*n - 6*h + 3*h - 135 = 0. Calculate the remainder when n is divided by 22.
20
Let v be 636/10 - (-2)/5. Let c(q) = -q**2 - 9*q + 3. Let f be c(-9). Suppose f*d - v = -d. Calculate the remainder when 46 is divided by d.
14
Let w = -11 - -13. Suppose -3 = -0*l + l, -w*l - 57 = -3*r. Calculate the remainder when 33 is divided by r.
16
Suppose 27 = 5*i + 7, 12 = 2*k - i. Let y = k + -5. Suppose 5*v + 19 = 4*d, -3 + 46 = y*d + 2*v. Calculate the remainder when d is divided by 3.
2
Suppose 3*c - 5*c = -92. Suppose -4*w + g + c = 0, -5*w - 4*g + 35 = -33. What is the remainder when w is divided by 7?
5
Suppose o = -2 + 1, -4*m = -o - 177. What is the remainder when m is divided by 16?
12
Suppose 2*m = -m + 9, 2*m = -3*y + 156. Suppose 0 = -2*q + y - 6. What is the remainder when q is divided by 12?
10
Let j = -42 + 61. Let q(d) = -d - 3 + d**2 - 2*d + 12*d**2. Calculate the remainder when q(-2) is divided by j.
17
Let g(r) = -7*r**2 - 3*r + 1. Let n(j) = -36*j**2 - 15*j + 6. Let b(a) = -11*g(a) + 2*n(a). Calculate the remainder when 356/8 - (-2)/(-4) is divided by b(-2).
14
Suppose p + 370 = 5*v + 3*p, -4*p - 400 = -5*v. What is the remainder when v is divided by 26?
24
Suppose -u - 358 = -3*b, 2*b = -5*u + 189 + 44. What is the remainder when b is divided by 15?
14
Let a = 37 - 16. What is the remainder when a is divided by 11?
10
Let x(b) = -2*b. Let t(p) = 3*p**2 - 10*p + 6. Calculate the remain